 - x. What is the tens digit of q?
1
Let p(t) = t**3 - 7*t**2 - t + 10. Let l be p(7). Suppose 22 = l*y + g, -25 - 6 = -4*y - g. What is the tens digit of y/((-27)/6)*-16?
3
What is the tens digit of (-1 + (-2)/10)*1660/(-6)?
3
Let y = 27 + -22. Suppose -w = 3*w - j - 207, -w = y*j - 57. Let b = 5 + w. What is the units digit of b?
7
Let t be ((-20)/6)/((-8)/12). Suppose -t*w = -224 + 89. What is the tens digit of w?
2
Suppose -5*q + 2618 = 2*f, 140 = -2*q - f + 1188. What is the hundreds digit of q?
5
Let q be 5*-1*24/10. What is the units digit of 2*(q/(-8) + -2 + 2)?
3
Let z = -606 - -891. What is the tens digit of z?
8
Suppose -3*x + 2639 = 4*x. What is the tens digit of x?
7
Let s be ((-6)/4)/(22/3212). Let t = -57 - s. What is the hundreds digit of t?
1
What is the tens digit of 16391/10 - -1 - 9/90?
4
Suppose 0 = -0*m - 3*m + 84. Suppose -5*i + 5*w - 325 = 0, -m = -4*w - 8. What is the units digit of 4/6 - 20/i?
1
Let b = -558 + 1282. What is the tens digit of b?
2
Suppose 6*w = -0*w + 7716. What is the hundreds digit of w?
2
Suppose 5*s + 6 = -4*h, 5*h = -s - 3*s - 12. Suppose z = s*z - 13. Let l = z + 10. What is the units digit of l?
3
Let w(m) be the first derivative of -m**4/4 + 10*m**3/3 + m**2 + 15*m - 10. What is the units digit of w(10)?
5
Let b = -544 - -1290. What is the hundreds digit of b?
7
Let x be 14/(-49) - (-1853)/(-7). What is the tens digit of 1*2/5 + (-8109)/x?
3
Let f = 1036 + 938. What is the hundreds digit of f?
9
Let v(k) = 2*k - 5*k**2 - 4*k + k**3 + 2*k**2 - 3. Let j be -10*(0 - (-4)/(-10)). What is the units digit of v(j)?
5
Let z = 307 - 121. What is the units digit of z?
6
Let h(r) = -28*r + 12. Let x = -2 - 2. What is the hundreds digit of h(x)?
1
Let k(x) = -7*x + 11. Let m be k(1). What is the hundreds digit of (4/m)/((-7)/(-2086))?
2
Let n(p) = 2990*p - 7. What is the thousands digit of n(1)?
2
Let x = -1044 + 2138. What is the hundreds digit of x?
0
Let q = 153 - -352. What is the hundreds digit of q?
5
Let l(r) = 41*r**3 + 3*r**2 - 13*r + 11. What is the units digit of l(1)?
2
Let y be ((-40)/15)/((-2)/3). Suppose 0 = -a - y*l + 6, -2*a + l - 2*l + 5 = 0. Suppose a*o = -3*o + 125. What is the tens digit of o?
2
Let s(x) = 40*x - 1. Let h be s(1). Suppose 0 = -2*y - 11 + h. Suppose -5*b = -5*a, 2*a + 3*b = -2*a + y. What is the units digit of a?
2
Suppose 8*s - 7*s - 4 = 0. Suppose m + s*m = -3*t + 105, -5*m - 175 = -4*t. What is the units digit of t?
0
Let r(g) = g**3 + 8*g**2 + 10*g + 2. Let u be r(-7). Let z = 44 + u. What is the units digit of z?
5
Let i(c) = -c**3 - 12*c**2 - 17*c. Let t be i(-11). Suppose -g - 141 = 2*g. Let r = g + t. What is the tens digit of r?
1
Let i = 3691 + -2267. What is the units digit of i?
4
Suppose -101*g + 104*g = 1293. What is the hundreds digit of g?
4
Let w(y) = -y + 31*y**3 + 6 - 32*y**3 + 9*y**2 + 3 - y**2. What is the tens digit of w(7)?
5
What is the tens digit of (-795)/954 - 16403/(-6)?
3
Let a(q) = -17*q - 135. What is the tens digit of a(-28)?
4
Suppose 12 = -2*x + w + 2, -3*x - 2*w - 8 = 0. What is the tens digit of 10/((-240)/(-1422)) + 1/x?
5
Let a = -1361 - -2771. What is the tens digit of a?
1
Let c(i) = -43*i + 59. What is the tens digit of c(-6)?
1
Let b be (4 + -2)/(1/1). Suppose b*m - 52 = -2*m. What is the tens digit of m?
1
Let x = -141 - -237. Let j = 137 - x. What is the tens digit of j?
4
Suppose -452 - 132 = -4*l + s, -438 = -3*l - 2*s. What is the tens digit of l?
4
Let s(r) = 8*r + 94. Let i(u) = -8*u - 92. Let t(c) = 6*i(c) + 5*s(c). What is the tens digit of t(-15)?
3
Let f(b) = 49*b**2 + 5*b - 4. Let u be f(4). Suppose 3*l = -5*l + u. What is the units digit of l?
0
Let g = -18 - -18. Suppose 5*a + 7*c - 2*c + 40 = g, 8 = -a + c. Let v(t) = t**3 + 8*t**2 - 3*t - 11. What is the units digit of v(a)?
3
What is the tens digit of -4 + 1 + (-4)/(-12)*1203?
9
Suppose 13 - 40 = -3*y - t, 4*y + 2*t - 36 = 0. Suppose -8*j + y*j - 4*l - 73 = 0, -5*l = 4*j - 271. What is the units digit of j?
9
Let t = -74 + 169. Suppose 2*d - 371 = -5*y, 4*d = -2*y + t + 47. What is the tens digit of y?
7
Let c be 10/4 + (-2)/8*-2. What is the units digit of (c/2)/(24/544)?
4
Let i = -315 + 5836. What is the tens digit of i?
2
Let b(p) = p - 1. Let x be (-2)/(-1)*(2 - -1). Let r be b(x). Let z = 14 - r. What is the units digit of z?
9
Let h be ((-39)/26)/((-1)/(-28)*2). What is the hundreds digit of (-1650)/(-7) + (-2 - 48/h)?
2
Suppose -492 = -j + 2*g, 2*j - 2*g + 6*g - 1024 = 0. What is the hundreds digit of j?
5
Let c = 220 - 130. What is the units digit of (c/(-10))/(24/(-22) + 1)?
9
Let n be 0*4/4 - -168. Suppose -d = 5*d - n. What is the units digit of d?
8
Let k(n) = n**3 - 13*n**2 - 14*n + 4. Let x be k(14). Suppose 3*o - 43 = 5*c, -5*c + x*o = -0*c + 39. Let h = c - -44. What is the units digit of h?
3
Suppose -496 - 566 = -2*q - 5*x, 3*x + 1593 = 3*q. What is the hundreds digit of q?
5
Let m(o) = -o**2 + 7*o - 8. Let d be m(5). Let r(l) = l**2 + 5*l - 3. What is the units digit of r(d)?
1
Let o = -18 - -15. What is the units digit of (o/9)/((-1)/30)?
0
Let a be (-60)/45*42/4. Let s(r) = r**3 + 15*r**2 + 9*r + 4. What is the units digit of s(a)?
4
Let g = 9 - 9. Let i be 12/2 - (0 - g). Let c(v) = v**2 - 3*v - 6. What is the tens digit of c(i)?
1
Suppose 2*q - 5321 = -5*o, 5331 = -17*q + 19*q + 3*o. What is the thousands digit of q?
2
Let s be (2 - (-8)/1) + -3. Suppose s*k = 2*k + 125. Suppose 2*o = 5*q + 28, -2*o - 3*q + 3 = -k. What is the tens digit of o?
1
Suppose 0 = -2*v, 2*b + 2*b - 16 = -5*v. Let k be (-6 + b)*3/2. What is the units digit of (90/4)/(k/(-6))?
5
Suppose 3*h + 40 = 7*h. Suppose h = 2*c + 3*c. Suppose c*w = 5*w - 135. What is the tens digit of w?
4
Suppose 3*p - 1169 - 145 = 2*w, 5*p + w - 2190 = 0. What is the tens digit of p?
3
Let d(u) = 874*u**2 + 4*u + 3. What is the tens digit of d(-1)?
7
Let u(x) = -x**2 + 22*x - 32*x - 10 - 2. Let v be u(-8). Suppose -a + 31 = 3*m, -4*a - v*m + 79 + 29 = 0. What is the units digit of a?
5
Let s(c) = 2*c**2 - 22*c + 19. Let b(w) = w - 1. Let x(n) = 6*b(n) + s(n). What is the units digit of x(10)?
3
Let f be (-18)/90 + 31/5. Suppose -f = -o + 18. What is the units digit of o?
4
Let m(n) = n**2 + 3*n - 6. Let l be m(-5). Suppose 516 + 84 = 5*q + 5*h, -3*h = -l*q + 494. What is the tens digit of q?
2
Let k(d) = d**2 - d - 2. Let c be k(3). Suppose -5*s - 1 = 4. What is the tens digit of s/1*(-88)/c?
2
Suppose 0*q = -2*q + 4*c + 200, -536 = -5*q + c. Let s = 198 - q. What is the tens digit of s?
9
Let a(z) = 18*z + 7. Let q be a(-5). Suppose -122*b + 126*b + 108 = 0. Let g = b - q. What is the tens digit of g?
5
What is the units digit of 369 + 6/(-8) + 65/(-20)?
5
Suppose -4*w - w = 10, -v = 2*w - 3. Suppose 6*a = a - 5, 0 = x - 5*a - v. Suppose -102 = -4*h + x. What is the units digit of h?
6
Let m be 0/(-7) - 334/(-2). Suppose -4*l = 5*t - 2*l - m, 4*t = -3*l + 135. What is the tens digit of t?
3
Let j = -14 - -13. Let g = j - 2. Let x(y) = -7*y - 2. What is the units digit of x(g)?
9
Let v be 4/(-12)*-9*1. Suppose v*o - 6 = 3. Suppose 0 = -o*w + 28 + 101. What is the tens digit of w?
4
Let u(y) = 5 + 3 - 2 + 4 + 2*y**2 - 5*y. What is the units digit of u(11)?
7
Suppose 16 = 4*v - 0, -y + 3*v + 82 = 0. Let h = -56 + y. What is the units digit of h?
8
Let h = 0 - -5. Suppose -17 = -4*a - h. Suppose 2*q - 3*z - 51 = -0*z, -a*z = 5*q - 75. What is the tens digit of q?
1
Let h = 134 + 167. Suppose 4*n + 97 - h = 0. What is the units digit of n?
1
What is the tens digit of 7*(-24)/(-392)*7343?
4
Suppose 2*i + 5*j = 3*j + 468, 242 = i - 3*j. What is the hundreds digit of i?
2
Let j be 4/(4/(1 - 3)). Let d be j - 0/(2 + -1). Let u = 3 + d. What is the units digit of u?
1
Let p(j) = -j**2 + 18*j + 10. Let n be p(17). Suppose -2*x + 192 = 2*x. Let m = x - n. What is the units digit of m?
1
Let m(u) = -u**3 + 5*u**2 - 3*u. Let t be m(6). Let s = 105 + t. What is the units digit of s?
1
Suppose i = -7*i. Suppose -5*j + 7 + 103 = i. What is the tens digit of j?
2
Suppose 0 = -5*t - 5, -3*k + 4 + 20 = -3*t. Let x be 5 - 0 - (k - 5). Suppose x*h - 5*h + 52 = 0. What is the units digit of h?
6
Suppose 3430 = -v + 4*v - 5*o, 4*v - o = 4596. What is the hundreds digit of v?
1
Suppose -4*b = 9*o - 14*o - 1